/4*1?
0
Let m = 44 + -25. Let t be (-2)/9 + 411/27. Let r = m - t. Calculate the remainder when 6 is divided by r.
2
Let l(p) = p**3 + 9*p**2 - 13*p - 20. Let j be l(-10). Let c = -2 + j. What is the remainder when 23 is divided by c?
7
Let o = 64 + -67. Let d = -5 + 12. What is the remainder when 12 - ((-15)/o - (1 + 3)) is divided by d?
4
Let f(n) = 3*n - 1. Let u be f(1). Suppose 0 = u*t + 7*t - 378. What is the remainder when 167 is divided by t?
41
Suppose 175 + 88 = l. What is the remainder when l is divided by 19?
16
Let y(s) = -s + 11. Let q(r) = -4*r**2 - 5*r - 4. Let b be q(-5). Let x = b + 152. What is the remainder when x is divided by y(-8)?
16
What is the remainder when (-34 - -13)*(-150)/21 is divided by 19?
17
Let d = -898 + 1451. Suppose -5*y + 0*y = -4*h + d, 2*h - 272 = -2*y. Calculate the remainder when h is divided by 20.
17
Suppose 52 + 293 = 5*k. Let h = -593 + 605. Calculate the remainder when k is divided by h.
9
Let d = 472 + -453. Let g(z) = z + 3. Let y be g(-3). Let h(t) = -t + 73. What is the remainder when h(y) is divided by d?
16
What is the remainder when 6/12*851*2 is divided by 210?
11
Let o(k) = k**3 + 14*k**2 + 23*k - 4. Let r be o(-12). What is the remainder when 17 is divided by r + 7/((-35)/10)?
5
Let b = 87 + -55. Suppose 3*h = 2*p + 3 - 15, -2*h = 0. Calculate the remainder when b is divided by 70/p - 4/6.
10
Suppose 5*q - 1 = 34. Let i(y) = -14 + 12*y - 6*y - 3 + 1. What is the remainder when i(q) is divided by 10?
6
Let m be (-14)/2*1/(-1). Suppose -3*q = -43 + m. Calculate the remainder when 18 + (-2)/(8/q) is divided by 8.
7
Let i be (-2)/(7/(-3) - -3). What is the remainder when (-84)/(-15) + 4/10 is divided by (1 - -1)/(i/(-6))?
2
Let k = -9 + 13. What is the remainder when 4/(4/33) - k is divided by (36/15)/((-6)/(-20))?
5
Let j(a) = 28*a + 2. Calculate the remainder when j(2) is divided by ((-290)/(-25) - -3) + (-16)/(-40).
13
Let h(p) = p - 4. Let a be h(7). Suppose a + 24 = 3*d. Suppose -2*b - 105 = -6*r + r, -r + 4*b + 3 = 0. What is the remainder when r is divided by d?
5
Suppose -h = -2*t - 22, -h + 29 = h - t. Suppose -h + 3 = -2*a + 3*f, 0 = -a + 2*f + 5. Let l = 10 - 6. What is the remainder when l is divided by a?
1
Let r(d) = -d**2 - 5*d. Let f be r(-3). Let q = 11 - f. Suppose -6 = -4*i + 2*i. What is the remainder when q is divided by i?
2
Let v be 76/10 + (-22)/(-55). Suppose 0*i + 2*i = -v. Calculate the remainder when 324/21 - i/7 is divided by 9.
7
Let b = 44 + 23. Let t(d) = d**3 + 11*d**2 - 14*d - 7. Calculate the remainder when b is divided by t(-12).
16
Let c(n) = -16*n - 84. Calculate the remainder when c(-11) is divided by 32.
28
Let v = 345 + -323. Calculate the remainder when 57 is divided by v.
13
Let j(n) be the second derivative of -n**3/3 + 25*n**2/2 + 25*n. What is the remainder when j(-6) is divided by 24?
13
Suppose -9*w + 8*w - 5*x = -65, -5*x - 105 = -w. What is the remainder when w is divided by 8?
5
Let d = -49 - -24. Let g = -10 - d. Suppose -4*l - g + 51 = 0. What is the remainder when 31 is divided by l?
4
Calculate the remainder when (-23)/46*103*(0 - 2) is divided by 34.
1
Suppose -114 = -6*f + 228. Calculate the remainder when 224 is divided by f.
53
Let k(i) = -i**3 - 11*i**2 - 20*i + 5. Suppose -q + 17 = -2*q - 4*u, 0 = 5*q - 5*u + 35. Calculate the remainder when k(q) is divided by 8.
7
Suppose 5*u = 143 + 247. Suppose -552 + 224 = -8*l. Calculate the remainder when u is divided by l.
37
Let x = -96 + 119. Let j(t) = -t**2 - 6*t - 1. What is the remainder when x is divided by j(-3)?
7
Let c(h) = 20*h**3 - 2*h**2 + 23*h + 8. Let a(b) = -7*b**3 + b**2 - 8*b - 3. Let p(j) = 17*a(j) + 6*c(j). What is the remainder when 19 is divided by p(-4)?
4
Let u(k) = k - 19. Let d be u(13). Let x = d - -3. Let q(n) = -8*n + 4. Calculate the remainder when q(x) is divided by 15.
13
Suppose 5*g - 20*i + 19*i = 2230, -5*g + 2230 = i. What is the remainder when g is divided by 16?
14
Suppose -25*i = -54*i + 986. What is the remainder when 1290 is divided by i?
32
Let t(b) = b**2 - 15*b - 22. Let p = -17 + 34. Calculate the remainder when 21 is divided by t(p).
9
Suppose 5*z = 116 + 9. Let k(n) = 4*n + 4 - 5*n**2 - 2*n**2 + 8*n**2. What is the remainder when z is divided by k(-5)?
7
Let n be 2*(-3)/12*-192. Suppose 0 = 6*p - 2*p - n. Suppose -5*b = 2*l - 67, -3*b - 2*l - 1 = -42. What is the remainder when p is divided by b?
11
Let g = -9 + 32. Let x(t) = -8*t**3 - 46*t**2 + 6*t + 4. Calculate the remainder when x(-6) is divided by g.
17
Suppose -2*t - 28 = -j, -4*j = -2*j + 3*t - 21. Calculate the remainder when 556 is divided by j.
16
Let z(j) = -j**3 + 2*j**2 + 1. Let x be z(2). Suppose s - 5 = -x. Suppose -22 - 38 = -s*h. Calculate the remainder when h is divided by 3.
0
What is the remainder when 389 is divided by 108/1 + 10 + -20?
95
Suppose 12*g - 450 = -66. Calculate the remainder when 159 is divided by g.
31
Suppose 7*z + 49 = 2583. Suppose 8*n - z - 222 = 0. What is the remainder when n is divided by 15?
13
Let y be 14/(14/(-7) - 2/(-2)). Let l = y - -53. What is the remainder when l is divided by 15?
9
Calculate the remainder when 65 is divided by 2466/126 + (-8)/14.
8
Let k be (-2)/4 - (-152)/16. Let g(n) = 2*n**2 - 9*n + 5. Suppose 4*v + 5 - 93 = 0. What is the remainder when g(k) is divided by v?
20
Suppose -o + 61 = 4*z, -3*o + 40 + 3 = 2*z. What is the remainder when 138 is divided by z?
12
Let q(l) = 2*l**3 + 20*l**2 + 15*l + 32. Calculate the remainder when q(-8) is divided by 81.
6
Let t = -2 - -9. Suppose -t*y = -y - 30. Calculate the remainder when 4/(-18) - 65/(-9) is divided by y.
2
Let b be 5*(1 - 36/(-30)). Suppose 140 = -7*y + b*y. Calculate the remainder when y is divided by 19.
16
Suppose 45 = -5*b + 140. Let p = 54 + -51. Suppose p*v - 6 = 9. Calculate the remainder when b is divided by v.
4
Suppose -5*h = 20 + 10. Let l = 6 - h. Let g(z) = -2*z + 12. Calculate the remainder when g(-5) is divided by l.
10
Let i = -763 + 856. Calculate the remainder when i is divided by 33.
27
Let w = -5 - -11. Suppose 15 = -4*t + t. Calculate the remainder when 25*(3/t - -1) is divided by w.
4
Suppose -a - 106 = 3*f - 5*a, -2*f + a - 74 = 0. Let m = f - -48. Let b(x) = -x**2 + 13*x + 13. Calculate the remainder when b(9) is divided by m.
9
Suppose -3*p + 2*h + 6 = -0*p, p = h + 2. Suppose -d = v + p*v - 136, 5*v = -15. What is the remainder when d is divided by 37?
34
Let v be (-12)/(-12)*(84 - 1). Let d = 172 - v. What is the remainder when d is divided by 30?
29
Let w(q) be the third derivative of -q**4/24 + 7*q**2. Let o be w(0). Suppose 4*s = -o*s + 88. Calculate the remainder when 63 is divided by s.
19
Let z = 42 + -18. Suppose b + 4*h = -b + z, -h = 5*b - 42. Let s = -19 - -41. What is the remainder when s is divided by b?
6
Suppose 371*h + 828 = 389*h. Calculate the remainder when 133 is divided by h.
41
Suppose -20*z - 2*z = -528. Calculate the remainder when 789 is divided by z.
21
Let d(u) = u**2 + 23. Let b(j) = 2*j**2 + j + 46. Let c(y) = 3*b(y) - 5*d(y). What is the remainder when c(0) is divided by 9?
5
Let t(s) = 61*s - 266. What is the remainder when t(5) is divided by 8?
7
Let f(o) = 18*o**2 + 33*o - 91. What is the remainder when f(3) is divided by 58?
54
What is the remainder when 522 is divided by 5 - 56/12 - 3528/(-27)?
129
Let q = 28 + -10. Let i = -177 - -230. What is the remainder when i is divided by q?
17
Suppose -16*p + 146 = u - 19*p, -4*p = 16. What is the remainder when u is divided by 5?
4
Let b(z) = -3*z + 1. Let x(h) = 3*h. Let n(a) = 2*b(a) + 3*x(a). Let f = 5 - -1. Calculate the remainder when 57 is divided by n(f).
17
Suppose 2*o - 5*o = -3*p - 114, 2 = p. What is the remainder when 155 is divided by o?
35
Let f(o) = 2*o**2 + 4*o - 4. What is the remainder when f(4) is divided by 31?
13
Let f = 41 + -37. Suppose -3*c + 3 + 4 = -f*d, 5*d = -5. What is the remainder when 1 is divided by c?
0
Suppose 4*h = j - h - 13, j = h + 5. Let g = j - 0. What is the remainder when -36*(-4 + g) + 3 is divided by 14?
11
Let f = -116 + 166. Suppose 23*k - 38 = 22*k. Suppose -35*n = -k*n + 39. What is the remainder when f is divided by n?
11
Suppose -14*a + 27*a - 1248 = 0. What is the remainder when a is divided by 41?
14
Suppose 0*w -